43 prime?
False
Is 101999 a composite number?
False
Is 36479 a prime number?
True
Is 29527 composite?
False
Is 311737 prime?
True
Is 291545 a prime number?
False
Is 305 a composite number?
True
Is 164657 prime?
False
Is 20731 a prime number?
True
Is 432713 composite?
False
Is 125389 a prime number?
False
Is 13705 a prime number?
False
Is 2386121 a composite number?
False
Is 3273 composite?
True
Is 425551 a composite number?
True
Is 427 a composite number?
True
Is 51283 composite?
False
Is 33447 a composite number?
True
Is 46313 a prime number?
False
Is 70601 composite?
True
Is 8963 composite?
False
Is 125063 a prime number?
True
Is 68791 a prime number?
True
Is 171517 a prime number?
True
Is 1681073 a composite number?
False
Is 31883 prime?
True
Is 6947 composite?
False
Is 179317 a prime number?
True
Is 1156517 a prime number?
False
Is 14141 prime?
False
Is 10877 a composite number?
True
Is 1121709 prime?
False
Is 34459 a composite number?
True
Is 208529 a composite number?
False
Is 368759 a prime number?
False
Is 324449 prime?
True
Is 195067 prime?
False
Is 39139 composite?
False
Is 46993 a composite number?
False
Is 2509 composite?
True
Is 261178 a composite number?
True
Is 21302 a prime number?
False
Is 529 composite?
True
Is 8419 composite?
False
Is 37033 a composite number?
True
Is 15947 a composite number?
True
Is 35461 prime?
True
Is 2110519 a composite number?
False
Is 12197 prime?
True
Is 625417 composite?
True
Is 602137 composite?
False
Is 549257 a prime number?
True
Is 671777 a prime number?
True
Is 183421 prime?
False
Is 41077 composite?
False
Is 14995 composite?
True
Is 69 a prime number?
False
Is 430123 a composite number?
True
Is 637691 a composite number?
False
Is 77947 a prime number?
False
Is 717 a prime number?
False
Is 4571 composite?
True
Is 324791 prime?
True
Is 1535 a composite number?
True
Is 48931 a prime number?
False
Is 1211 a prime number?
False
Is 21313 composite?
False
Is 15311 prime?
False
Is 97729 prime?
True
Is 8741 a prime number?
True
Is 10931 a composite number?
True
Is 100003 prime?
True
Is 6611 composite?
True
Is 767381 composite?
False
Is 446673 composite?
True
Is 2159 a composite number?
True
Is 199921 composite?
False
Is 1907 prime?
True
Is 4583 prime?
True
Is 281849 prime?
True
Is 1651 a prime number?
False
Is 18149 a prime number?
True
Is 13127 composite?
False
Is 2533 composite?
True
Is 593833 composite?
True
Is 606389 composite?
True
Is 473333 composite?
True
Is 20597 a composite number?
True
Is 531109 composite?
True
Is 43853 a prime number?
True
Is 3103 a prime number?
False
Is 112802 prime?
False
Is 11027 a prime number?
True
Is 84751 prime?
True
Is 29917 a prime number?
True
Is 674607 a composite number?
True
Is 19407 a prime number?
False
Is 1057219 a composite number?
False
Is 15829 a prime number?
False
Is 182855 a composite number?
True
Is 3364315 composite?
True
Is 17337 prime?
False
Is 509 a prime number?
True
Is 1031705 a composite number?
True
Is 718526 composite?
True
Is 31359 composite?
True
Is 8161 a prime number?
True
Is 142009 prime?
False
Is 62039 a composite number?
False
Is 1622255 a composite number?
True
Is 52757 prime?
True
Is 207939 prime?
False
Is 41399 composite?
False
Is 9967 prime?
True
Is 6389 a prime number?
True
Is 9935 a prime number?
False
Is 1739 a composite number?
True
Is 46317 a composite number?
True
Is 834349 prime?
False
Is 385811 a prime number?
True
Is 14051 a composite number?
False
Is 96113 a composite number?
True
Is 79841 a composite number?
False
Is 583 a composite number?
True
Is 1212467 a prime number?
False
Is 77641 a prime number?
True
Is 185167 a prime number?
True
Is 29263 prime?
False
Is 66491 a prime number?
True
Is 12516837 a prime number?
False
Is 7909 a composite number?
True
Is 1231369 a composite number?
True
Is 4637 a prime number?
True
Is 28051 composite?
False
Is 6537 a prime number?
False
Is 5095 a composite number?
True
Is 1820697 a composite number?
True
Is 136118 a prime number?
False
Is 1361 a prime number?
True
Is 16547 composite?
False
Is 13523 composite?
False
Is 20906 composite?
True
Is 2251 prime?
True
Is 19243 composite?
True
Is 19235 a composite number?
True
Is 1543 a composite number?
False
Is 5266 composite?
True
Is 282398 a composite number?
True
Is 277971 composite?
True
Is 553123 a prime number?
True
Is 114113 a composite number?
False
Is 959539 composite?
True
Is 349627 a prime number?
False
Is 98387 prime?
True
Is 24637 composite?
True
Is 25213 composite?
True
Is 60869 composite?
False
Is 2267 a prime number?
True
Is 7639 a prime number?
True
Is 17833 a prime number?
False
Is 3359 composite?
False
Is 120293 a prime number?
True
Is 8887 a composite number?
False
Is 219057 a composite number?
True
Is 1769 prime?
False
Is 49303 a prime number?
False
Is 373967 a prime number?
False
Is 949211 a composite number?
False
Is 15347 prime?
False
Is 53029 composite?
True
Is 95449 composite?
True
Is 225671 prime?
True
Is 718441 a prime number?
False
Is 7573 prime?
True
Is 2393 a prime number?
True
Is 887 a composite number?
False
Is 255031 a prime number?
False
Is 10189 composite?
True
Is 28421 a composite number?
True
Is 258811 a prime number?
False
Is 20471 a prime number?
False
Is 5381 prime?
True
Is 911 prime?
True
Is 1914223 prime?
False
Is 852901 prime?
False
Is 53078 a prime number?
False
Is 44323 a prime number?
False
Is 25297 a prime number?
False
Is 6113 a prime number?
True
Is 788849 a prime number?
True
Is 28153 a composite number?
True
Is 174197 a composite number?
False
Is 219031 prime?
True
Is 48493 prime?
False
Is 2161 a composite number?
False
Is 439063 composite?
False
Is 24499 composite?
False
Is 3787 a composite number?
True
Is 1035707 a prime number?
True
Is 351391 prime?
True
Is 5953 a composite number?
False
Is 90887 composite?
False
Is 195739 a prime number?
True
Is 2716471 composite?
False
Is 381 a prime number?
False
Is 154927 a prime number?
True
Is 20993 prime?
False
Is 456791 composite?
False
Is 10037 composite?
False
Is 114263 composite?
True
Is 131519 a composite number?
False
Is 311839 prime?
False
Is 97111 a prime number?
False
Is 27533 composite?
True
Is 208367 a prime number?
True
Is 15091 composite?
False
Is 7069 prime?
True
Is 34631 prime?
True
Is 58379 composite?
False
Is 1357 a composite number?
True
Is 4283 a prime number?
True
Is 6997 prime?
True
Is 48107 a prime number?
False
Is 3084683 a prime number?
False
Is 101633 composite?
True
Is 70097 a composite number?
True
Is 1381 composite?
False
Is 8623 a composite number?
False
Is 3933815 prime?
False
Is 902087 a prime number?
True
Is 58018 a composite number?
True
Is 93745 prime?
False
Is 75902 composite?
True
Is 641 prime?
True
Is 196379 composite?
False
Is 1337399 a composite number?
True
Is 122651 a composite number?
False
Is 191663 a prime number?
False
Is 8511 a prime number?
False
Is 40739 prime?
True
Is 4618 prime?
False
Is 488539 composite?
False
Is 18527 a prime number?
False
Is 280811 a composite number?
False
Is 3989 prime?
True
Is 344621 composite?
False
Is 1032643 composite?
False
Is 127103 a prime number?
True
Is 32909 prime?
True
Is 16183 a composite number?
False
Is 2570407 a prime number?
False
Is 25057 composite?
False
Is 417754 a composite number?
True
Is 1115 prime?
False
Is 119345 a prime number?
False
Is 102737 a prime number?
False
Is 16991 prime?
False
Is 2941 a composite number?
True
Is 1129991 a composite number?
False
Is 210163 a composite number?
True
Is 262381 prime?
False
Is 80891 a composite number?
True
Is 1292927 a composite number?
False
Is 5363 a prime number?
False
Is 307682 prime?
False
Is 4327 a prime number?
True
Is 24251 a composite number?
False
Is 474707 composite?
False
Is 29119 a prime number?
False
Is 270409 a composite number?
True
Is 2421989 prime?
True
Is 2081 prime?
True
Is 1293 a prime number?
False
Is 561937 prime?
False
Is 132077 composite?
True
Is 3935 composite?
True
Is 72987 a composite number?
True
Is 16873 a prime number?
False
Is 14143 prime?
True
Is 3857561 prime?
True
Is 89227 composite?
False
Is 1763 composite?
True
Is 441157 prime?
True
Is 1543 prime?
True
Is 6401 prime?
False
Is 7993 prime?
True
Is 1876999 a prime number?
True
Is 189469 a composite number?
True
Is 4201 a comp